*x = x + 4*f + 62. Suppose 0*w = 3*w - x. What is the units digit of w?
6
Suppose 3*r = 5*r. Let q be r - -4*(0 + -1). What is the units digit of 2480/65 + q/26?
8
Let c be 11/2 - (-3)/(-2). Suppose -c*k + 24 = -k. Suppose -4*r + 8 = -k. What is the units digit of r?
4
Let p = -58 + 122. What is the tens digit of p?
6
What is the units digit of 34/8*(5 - 9 - -472)?
9
Suppose 0 = 2*y - 2*o + 34, -36 = 2*y - 4*o + o. Let b be (-6)/y + (-9)/(-15). What is the tens digit of 22/4*6*b?
3
What is the units digit of (-352089)/(-348)*8/6?
9
Let y be 1/3 + (-95)/(-3). Let h(z) = 5*z**2 + 190*z - 4. Let d be h(-38). What is the tens digit of (d - y/(-5))*10?
2
What is the units digit of 664/2*(-36)/(-48)?
9
Suppose -w + 7 + 4 = z, 0 = 2*w - 6. Let h be (z/10)/(2/20). Let u(x) = -x**2 + 10*x - 3. What is the units digit of u(h)?
3
Suppose d - 5 = -0. Let j(r) = r**3 - 4*r**2 + r - 7. What is the tens digit of j(d)?
2
Suppose 15*a - 16*a = -19. Suppose 4 = -17*b + a*b. Suppose 6*n - 100 = b*n. What is the tens digit of n?
2
Suppose 161*h - 163*h = -4364. What is the hundreds digit of h?
1
Suppose -11*j - 253 = 308. Let b = j + 57. What is the units digit of b?
6
Suppose y = 5*f - 139, 4*f + 2*y - 120 = 5*y. Let d = 35 - f. What is the units digit of d?
8
Let b = 0 + 1. Let q be b + (1 - -9) - -2. Let v = 24 - q. What is the units digit of v?
1
Let s = 21 - 54. Let g = s - -20. Let q = 47 - g. What is the tens digit of q?
6
Suppose -2*v - 39 = -v + 3*g, -2*v - 2*g = 74. What is the units digit of ((-23)/3 - -3)/(2/v)?
4
Let q = -63 - -68. Suppose -1102 = -q*f - 432. What is the units digit of f?
4
Let p = -33 - -60. Let f = -25 + p. Suppose -2*v - b + 0*b + 25 = 0, 0 = -f*v - 2*b + 20. What is the tens digit of v?
1
Let j(i) = -25*i - 55. What is the hundreds digit of j(-7)?
1
Let f(s) = -11*s**3 - s**2 + s + 4. Suppose -d - 2 - 8 = 3*c, 0 = -5*c - 4*d - 26. What is the tens digit of f(c)?
8
Suppose 2*t + 110 = 4*c, c - 1 + 5 = 0. Let x = 67 + t. What is the units digit of x?
4
Let r be (275/(-33))/(1/(-93)). Suppose 2*y - r = -3*y - 5*d, 620 = 4*y - 3*d. What is the units digit of y?
5
Let f be (-3 + 3)/(-4) - 0. Suppose f = 3*v - 62 + 11. Suppose v = p - l, -3*p - 46 = -6*p - 2*l. What is the tens digit of p?
1
Suppose 4*d - 147 = z - 32, -4*z + 140 = 4*d. Let l = -44 + d. Let w(v) = v**3 + 14*v**2 + 15. What is the tens digit of w(l)?
1
Suppose 2*k = x - 5, 0 = -3*x - 0*k - 2*k - 17. Suppose 6*z - 3*z = 0. What is the tens digit of 21 + (-6 - x) + z?
1
Suppose 5*o - 4*s + 2146 = 15352, 0 = 5*o + 5*s - 13215. What is the tens digit of (-2)/(-9) - o/(-18)?
4
What is the hundreds digit of 9400/8 + -3 - 6?
1
Suppose r + 22 = 137. Suppose -r = -z - 4*z. Let j = z + -13. What is the units digit of j?
0
Let x = 569 + -536. What is the units digit of x?
3
Let y(p) = 6*p - 2 + 2*p**2 + 3 - 4. What is the units digit of y(-4)?
5
Suppose -2*v = 4*m - 624, -235 = -v - 3*m + 79. What is the units digit of (3/(-6))/((-2)/v)?
7
What is the hundreds digit of (-98)/((-1)/3 + 330/1530)?
8
Let f be 36*-3*(-2)/9. Let m = -17 + f. What is the units digit of m?
7
Suppose -5*n + 2*n = -12. Let i be n*1 + (-2)/(-2). Suppose -i*o - 2 = -4*o - c, 2*c - 13 = -o. What is the units digit of o?
3
Let q(h) = 6*h - 3. Suppose -5*a + 50 = 5*x, 2*a - a - 15 = -2*x. Suppose 2*v - 34 = -5*m - 14, -v = -x*m + 5. What is the units digit of q(v)?
7
Suppose 38*q = 27*q + 5104. What is the units digit of q?
4
Let n = -11 - -26. Let w be 2/(-3)*n - -2. Let g = w - -62. What is the units digit of g?
4
What is the tens digit of 56 + 5/(25/20) + -2?
5
Let v be (-11)/((-77)/30)*7. Let j be (v/(-18))/((-1)/24). Suppose 5*u = -4*g + 3*u + j, -50 = -5*g - u. What is the tens digit of g?
1
Let s be 6/8*(-56)/(-21). Suppose 7 - 4 = -s*m + g, 9 = 3*m + 3*g. Suppose 7*x - 3*x - 64 = m. What is the tens digit of x?
1
Suppose 5*j - 1832 - 4192 = -3*r, -4*j = 3*r - 6021. What is the units digit of r?
3
Let j be 987/4 + (6/(-8) - -1). Suppose -42 = -d + j. What is the units digit of d?
9
Let w be (54/9)/(2 + (-56)/26). What is the units digit of 2/(-4)*4*w/6?
3
Suppose 5*j + 11834 = 4*i + 3883, 0 = -4*i - 2*j + 7986. What is the thousands digit of i?
1
Let g(p) = 3*p**2 + 11*p - 52. What is the units digit of g(13)?
8
Suppose 23*x - 868 = 19*x - 4*f, 0 = -x + f + 207. What is the units digit of x?
2
Let y(q) = q**2 - 6*q + 3. Let h be y(2). What is the tens digit of 30/1*(6 + h)?
3
Let x = 2 + 3. Let l(u) = -2*u**2 + 9. Let j(b) = 4*b**2 - b - 17. Let c(s) = 6*j(s) + 11*l(s). What is the units digit of c(x)?
7
Suppose -4*c + 51980 = 42*c. What is the units digit of c?
0
Let v(p) = p**2 - 15*p + 64. What is the tens digit of v(11)?
2
What is the units digit of 9*42*(-15)/(-10)?
7
Suppose y = -z + 5510 - 472, -4*y = -2*z - 20182. What is the hundreds digit of y?
0
Let g be (-106)/4*18/(-3). Suppose -f - 3*z - 59 = -g, -3*f - 4*z = -310. What is the hundreds digit of f?
1
Suppose 15 = y + 17. What is the units digit of y/15 - (-38668)/210?
4
Suppose 4*t = 2*a - 22, -2*a + 4*a + 2*t - 4 = 0. Suppose 0 = a*x - 156 - 109. Suppose 3*i = l - x, 0 = 5*l - 3*i + 7*i - 265. What is the tens digit of l?
5
Suppose 4*i - 8403 = -3*m + 10847, 2*m = -2*i + 9626. What is the units digit of i?
1
Suppose -3*a + 2*m = -0*a - 2205, -2940 = -4*a - 5*m. What is the units digit of a?
5
Suppose 6 + 112 = -5*j - 4*f, 0 = -2*j - 2*f - 46. Let r = j - -28. What is the units digit of (4/3)/(r/30)?
0
Suppose -x - 21 = -4*i - 2*x, -x + 9 = 2*i. What is the tens digit of 2*2/i*15?
1
Let u = 6 + 2. Suppose -u*w - 2 + 58 = 0. What is the units digit of w?
7
Let p be (0 - 1 - 25)/(-1). Let t(i) = 7*i - 97. Let c be t(11). Let n = p + c. What is the units digit of n?
6
Let m = -6 + -3. Let i = 11 + m. Suppose 0 = 5*t - 4*v - 92, -i*t + t + 5*v + 31 = 0. What is the units digit of t?
6
Suppose 6 = -5*j - 5*y - 9, -5*y - 33 = -4*j. Suppose 73 = 3*z - m, -j*m = -m + 1. Suppose -4*u + z = -3*u. What is the tens digit of u?
2
Let o(t) = t**2 + 5*t - 3. Let h be o(-6). Suppose 3*v - 30 = -h*g, v + 20 = 2*v + 3*g. Suppose -3*m + v*a = 5 + 1, -6 = -2*a. What is the units digit of m?
3
Let q be 13 + 0 + -1 + 1. Suppose -63 = -j + 4*d, -2*j - 3*d + 74 = 2*d. Suppose j + q = 5*o. What is the units digit of o?
2
Let t = 4 - 2. Let s(j) = 8*j**2 - 6*j**2 - 10 - j + 8. What is the units digit of s(t)?
4
Let d be 42 - (32/(-6) - 8/(-6)). Suppose -w = -78 - d. What is the units digit of w?
4
Suppose -37 = -4*h + 31. Let y = 19 - h. Suppose -2*p - y*r + 3*r = -60, -3*p = 4*r - 112. What is the units digit of p?
2
Suppose -y = 3, -3*y + 18 = 5*k - 4*y. Suppose k*l - 6 = 3. Suppose 2*b = -l*z - 3*b + 22, 4*z = 5*b + 6. What is the units digit of z?
4
Suppose -3*t - b = -3144, -5*b = 2*t - 2*b - 2103. What is the tens digit of t?
4
Let f = 658 - -203. What is the units digit of f?
1
Suppose 3573 = -5*t + 14*t. What is the hundreds digit of t?
3
What is the units digit of 7 - 4 - 0 - -241?
4
Let y(h) = 466*h**2 + 2*h - 1. Let u be y(1). Let p = -964 - u. What is the tens digit of p/(-63) - (-2)/7?
2
Suppose 8 = 2*b - b. Let o be 0 + 5*b/20. Suppose 3*g + o*m = 52, -4*m + 6 = -3*g + 2*g. What is the units digit of g?
4
Suppose -6*v = 4*v - 60. What is the tens digit of ((-1176)/36)/((-2)/v)?
9
Suppose 3*f = 149 + 100. Suppose -5*k = -243 + f. What is the units digit of k?
2
Let k be 175 + 6/(-9)*-6. Suppose 35 - k = -4*y. Suppose y = j + 2. What is the units digit of j?
4
Suppose -5*y + 1117 = -3*n, -y = -3*n + 5*n - 226. Let m = y - 124. What is the tens digit of m?
0
Let q be 8/6*(-69)/(-46). Suppose -40 = q*r - 7*r. Let f = r - -57. What is the tens digit of f?
6
Let z = 24 - -178. What is the tens digit of z?
0
Let t = 119 + -82. Suppose -3*h + 241 = t. What is the units digit of h?
8
Suppose 0 = -3*i + 7 + 5. What is the units digit of (-14)/i*(-12)/(3/1)?
4
Let a = 764 - 717. Suppose 3*t - 12 = 0, -33 = -2*m - 3*m - 2*t. Suppose -m*n + 98 = -a. What is the units digit of n?
9
Suppose 0 = -2*t + o + 754, -o = -5*t + 3*o + 1879. Suppose 114 - t = -5*w. What is the tens digit of w?
5
Let z(p) = -p**3 + 9*p**2 - 7*p - 8. Let x be z(8). Suppose -3*r + 247 = 2*k - 230, -4*r - k + 641 = x. What is the hundreds digit of r?
1
Let f(h) be the second derivative of h*